87. Let h(i) = 42*i - 3. What is the tens digit of h(f)?
6
Let g(y) = y**3 - 4*y**2 - 8*y + 4. Suppose 8 = 2*k - 2. Suppose 3*i - 13 = k. What is the tens digit of g(i)?
2
Let j be (24/20)/(3/10). Let c(u) = 9*u**3 + 4*u**3 - j + 3. What is the units digit of c(1)?
2
Let s = -19 - -18. Let b(q) = -19*q + 1. What is the units digit of b(s)?
0
What is the hundreds digit of -6 + 969 + (0 - (-1 - 1))?
9
Suppose 0 = -5*b + 197 + 268. Suppose -2*t + 183 = -0*v - 3*v, t - 3*v = b. What is the tens digit of t?
9
Suppose 0 = 4*r - 41 - 27. Let d = -37 + r. Let b = -15 - d. What is the units digit of b?
5
Let g(z) = -84*z + 22. Let v be g(-4). Let w = v + -176. What is the tens digit of w?
8
Let n(k) = k**2 - 4*k - 4. Let b be n(6). Let l = b - 4. Let f(u) = -u**2 + 6*u - 4. What is the units digit of f(l)?
4
Let a(r) = -5*r**3 + r. Let m be a(-1). Suppose -18 = 3*x + 2*c - m*c, -3*c = 4*x + 41. Let w(y) = -y**2 - 9*y. What is the units digit of w(x)?
8
Let y(a) = 25*a - 23. What is the hundreds digit of y(7)?
1
Let f = 22 - 10. Suppose -f = -3*a + u, -a + 2*u = a - 4. Suppose 5*g + a*p - 2*p - 38 = 0, 4*g - 2*p = 48. What is the tens digit of g?
1
Let r(v) = v + 6. Let n be -13 - -1 - (-6)/2. Let g be r(n). What is the units digit of (-67)/g - (-28)/42?
3
Let t = -71 - -56. What is the hundreds digit of 4/(-10) - 1896/t?
1
Suppose -2*s + 4827 + 1713 = 4*r, 3*s = -3*r + 9807. What is the tens digit of s?
6
Let b = 2088 + -991. What is the units digit of b?
7
Let i = -35 + 185. Let j = i - 104. Let a = -23 + j. What is the tens digit of a?
2
Let u(j) = j**3 - j**2 + j - 1. Let r be u(0). Let p be 1 + r/1 + -72. What is the units digit of (-8)/20 - p/5?
4
Let l be 234/34 + 22/187. Suppose -1 = l*y + 783. Let k = -79 - y. What is the tens digit of k?
3
Let s(l) = -l + 2*l - 5 - 3*l + 0*l. Let b be s(-4). Suppose 0*x + 99 = b*x. What is the tens digit of x?
3
Suppose 0 = -b, -3*k - 4*b + 46 = 16. Let u be (-6)/k - (-3)/5. Suppose u = 6*n - 197 - 67. What is the tens digit of n?
4
Suppose 2*g + 2 = 8. Let h = 5 - g. Suppose 19 = h*c - 3. What is the tens digit of c?
1
Suppose -4*n + p + 5 = 0, 7*n = 4*n - 5*p - 25. Suppose -6*z + 2*z = n. Suppose -4*o + 105 = g, -5 = -5*g - z. What is the units digit of o?
6
Let p(b) = b**3 - 9*b**2 + 6*b + 18. Let l(a) = -3*a - 16. Let s be l(-8). What is the units digit of p(s)?
2
Suppose -181764 = 10*d - 43*d. What is the hundreds digit of d?
5
Let x(s) = -31*s + 70. What is the tens digit of x(-24)?
1
Let n(j) = 71*j**2 - 4*j. Suppose 2*z = z + 1. What is the units digit of n(z)?
7
Suppose 0 = -g + 60 - 58. Suppose g*j + 4*o = 7*j - 260, -3*o = j - 33. What is the tens digit of j?
4
Let r(k) = -92*k**3 - 2*k**2 + 7*k + 23. What is the units digit of r(-3)?
8
Let b(h) = 5*h**2 - 8*h - 3. Let x be (-4 - -3)/((-2)/(-8)). What is the units digit of b(x)?
9
Let n be 10/1*(-5)/(-2). Suppose 5*g = -n, 0*u + 3*g + 13 = 2*u. Let f = u - -26. What is the units digit of f?
5
Suppose 4*r + 330 = 3*b, -4*r - 5*b + 0*b = 346. What is the units digit of (1/3)/((-1)/r)?
8
Suppose -3*j = -v + 1767, -3*v + 4*j = 2*v - 8857. What is the units digit of v?
3
Let n be 27/(-12)*8/(-3). What is the tens digit of (-16)/n*(-9 + 3)?
1
Let l(t) be the second derivative of -t**4/12 + 3*t**3 + 7*t**2 - 11*t. What is the units digit of l(10)?
4
Suppose 2*u - 150 = -22. What is the units digit of (20 + 5)/5*u/10?
2
Suppose -j - 4*t + 2536 = t, -3*j + 3*t + 7590 = 0. What is the units digit of j?
1
Suppose 4*y - 1768 = -4*o, 5*o - 9*o + 5*y + 1723 = 0. What is the hundreds digit of o?
4
Suppose 4*h + 3 = 87. Let u = 58 - h. What is the tens digit of u?
3
Suppose 0 = 2*x - 2*n + 26, 4*n = -0*x + x + 28. Let i = x - -11. Suppose 72 = i*t + t. What is the units digit of t?
8
Let h = 428 - 154. What is the units digit of h?
4
Suppose -2*v - 3*y = -510, -598 + 72 = -2*v + y. What is the tens digit of v?
6
What is the hundreds digit of (-2)/7 + 25210/35?
7
Let a(h) = 2*h**2 + 32*h - 12. What is the units digit of a(14)?
8
Suppose 2*a - 1916 = -2*h + 1066, 5*a + 2*h = 7449. What is the thousands digit of a?
1
Let j = -84 - -88. Suppose j*q - 5*n = 1118, q - 3*q = -4*n - 562. What is the units digit of q?
7
Let t(x) = -204*x**2 - 3*x - 2. Let f be t(-1). Let d = -128 - f. What is the units digit of d?
5
Suppose -2*b + 274 - 1012 = 0. Let l = -127 - b. What is the tens digit of l?
4
Let j(b) = 307*b - 384. What is the units digit of j(6)?
8
Let f = -6 + 133. What is the hundreds digit of f?
1
Suppose 0 = -q - 9 + 14. Suppose 435 - 90 = q*t. What is the tens digit of t?
6
Let w(q) = q**3 + q + 1. Let n(a) = -4*a**3 - 14*a**2 - 8*a - 5. Let z(u) = -n(u) - 6*w(u). What is the units digit of z(7)?
3
Let q be (-3*1/3)/((-1)/3). Suppose 45 = q*d - 66. What is the units digit of d?
7
What is the units digit of (-3040)/(-60)*(-27)/(-1)?
8
Let d(v) = v**3 + 9*v**2 + 9*v + 10. Let j be d(-8). Let a = -5 + j. What is the tens digit of (a - -3) + -1 + 30?
2
Let t(i) = 2*i**3 - 7*i**2 + 16*i - 21. What is the tens digit of t(7)?
3
Let k = 156 - 159. Let h(s) = -87*s - 38. What is the hundreds digit of h(k)?
2
Let q = 24 - 18. Suppose -w + q = -0*w - 2*x, w - 4*x = 12. Suppose w*t - 2*t + 4 = 5*m, -12 = 4*t. What is the units digit of m?
2
Let u = -1961 + 3566. What is the tens digit of u?
0
What is the thousands digit of (19 - (-81)/(-9)) + 1739?
1
Suppose 18*j - 1874 - 19978 = 0. What is the hundreds digit of j?
2
Suppose t = -5*p + 8, 3 = 5*p + 8. Suppose 3*v - 74 - t = 0. What is the tens digit of v?
2
Let t = 13 + -13. Let b = -5 - t. Let c = b + 9. What is the units digit of c?
4
Suppose 0*b + 5*b - 2701 = 2*z, -b + 5*z + 531 = 0. What is the tens digit of b?
4
Let p be ((-264)/(-18))/(2/(-6)). Let v be ((-10)/(-8))/((-11)/p). Suppose -6*x + 4 = -v*x. What is the units digit of x?
4
Let z(n) = n**3 - 4*n**2 - 4*n + 4. Let b be z(5). Let h be 6*5 - (-1 - -2). Suppose -h = -2*j + b. What is the units digit of j?
9
Suppose 0*f = -2*m - f, -2 = 5*m + 3*f. Let r(v) = -9*v**m + v**2 - 7 + 7*v**2 + 11*v. What is the tens digit of r(6)?
2
Let f be (-22)/8 - (-16)/(-64). Let a(d) = -11*d**3 - 3*d**2 - 10*d - 1. What is the tens digit of a(f)?
9
Suppose -2*d + 3*g = -1671, 0 = 3*d + 2*d + 2*g - 4130. What is the tens digit of d?
2
Suppose 0 = 10*o - 31104 - 2326. What is the hundreds digit of o?
3
Let s be (-663 + 0)*2/(-6). Suppose -p = -5*a - s, 3*a = -0*a - 12. What is the units digit of p?
1
Suppose 0 = -2*w + 4*h - 7*h, 0 = h. Let m = w + 13. Let o = 83 - m. What is the tens digit of o?
7
Suppose 74 = -6*p - 46. Let s be (-3)/4 - 75/p. Suppose n = 3*d + 9, -s*n - 2*d - 3*d + 41 = 0. What is the tens digit of n?
1
Let l(n) = 6*n - 1. Let h be l(1). Let m(v) = v**2 - 15*v + 25. Let w be m(14). Suppose h = -s + w. What is the units digit of s?
6
Let s(z) = -3 + 12*z**2 + 4 + 9*z**2. What is the tens digit of s(-1)?
2
Let a(l) = 9*l**2 - 17*l - 78. What is the units digit of a(-14)?
4
Let q be 4 + -2 + (-1)/1. Suppose 5*i - 14 = q. Suppose n = -0*n + i. What is the units digit of n?
3
Suppose p - 3*w - 2 - 24 = 0, 68 = 4*p - 3*w. Let c(v) = 9*v + 1. Let o be c(-1). Let g = p + o. What is the units digit of g?
6
Suppose -5*t = l - 64, -5*l + 2*t + 0*t + 374 = 0. Suppose z - 2*g - 68 = -g, z - l = 4*g. What is the tens digit of z?
6
Let k = 1940 - 1241. What is the hundreds digit of k?
6
Suppose -m - 6 = -3*r, -m - 66 = 4*m + 3*r. Let j be 18*(-4 - 40/m). What is the units digit of (-4)/(-6) - 472/j?
0
What is the hundreds digit of (-5)/(-4) + 567/4?
1
Let j = -61 - -38. Let n = 12 - j. What is the units digit of n?
5
Let h(c) = -3*c**3 + 1. Let u be h(1). Let q(k) be the first derivative of 4*k**3/3 + 2*k - 72. What is the units digit of q(u)?
8
What is the units digit of ((-12)/10)/(4*5/(-9650))?
9
Let z = 106 - 170. Let r = z - -126. What is the tens digit of r?
6
Let a = -16 + 24. Let g be a/(-10) - (-234)/30. Suppose -10*y + g*y = -51. What is the units digit of y?
7
Suppose 0 = -8*h + 669 + 2107. What is the hundreds digit of h?
3
Suppose -2*y = -5*y + 228. Suppose -78 = -2*l - 3*w + 69, 4*w = -l + y. What is the units digit of l?
2
What is the hundreds digit of 8 - 60518/(-14) - 10/(-35)?
3
Let s be (-6)/(-8) + 5/20. What is the tens digit of (-372)/(-15) + s/5?
2
Let 